 greatest common factor of 197469 and 20565.
9
Calculate the highest common divisor of 9425 and 1196569.
29
What is the greatest common factor of 3175894 and 6622?
86
What is the greatest common divisor of 418 and 3354906?
38
What is the highest common divisor of 4250452 and 1976?
76
Calculate the highest common factor of 2340 and 1212510.
390
What is the greatest common factor of 668 and 1064092?
4
Calculate the highest common factor of 14498024 and 2959.
269
Calculate the greatest common divisor of 22178578 and 206.
206
What is the highest common factor of 2077020 and 39600?
1980
Calculate the highest common factor of 192 and 24704.
64
Calculate the greatest common factor of 17379649 and 7.
7
What is the greatest common divisor of 504 and 17974?
2
What is the highest common divisor of 5143 and 246161?
37
What is the highest common factor of 2635 and 970130585?
2635
What is the highest common factor of 1653 and 359107?
29
Calculate the highest common divisor of 254143806 and 3066.
3066
What is the highest common factor of 146603 and 28?
1
What is the greatest common factor of 94340 and 939395?
445
Calculate the greatest common divisor of 1054 and 2590050.
62
Calculate the greatest common factor of 1605670655 and 4870.
2435
What is the highest common divisor of 2718119 and 38383?
131
What is the greatest common factor of 84940 and 90635227?
4247
Calculate the greatest common factor of 8255 and 959993.
127
What is the highest common divisor of 37808 and 10576?
16
What is the greatest common divisor of 48 and 35775048?
24
Calculate the highest common divisor of 37067060 and 40.
20
What is the greatest common factor of 649 and 297301?
59
Calculate the greatest common factor of 150337 and 671.
11
Calculate the greatest common divisor of 8 and 54911624.
8
Calculate the greatest common divisor of 28374504 and 156.
12
What is the greatest common factor of 9182048 and 144?
16
What is the greatest common factor of 163260420 and 60?
60
What is the highest common factor of 2055 and 12821145?
2055
What is the greatest common divisor of 145584 and 4043952?
432
Calculate the highest common factor of 1471374 and 4644.
774
What is the greatest common factor of 58828 and 37268?
308
What is the greatest common divisor of 7973844 and 297697?
853
What is the highest common factor of 1932 and 5647404?
84
What is the greatest common divisor of 111331 and 22649?
319
Calculate the highest common divisor of 38730041 and 196.
49
Calculate the highest common factor of 602160 and 4160.
1040
Calculate the highest common divisor of 13474 and 97690.
2
What is the highest common factor of 55223949 and 132?
33
Calculate the highest common divisor of 5891 and 2925677.
43
What is the highest common divisor of 4654280 and 7360?
920
Calculate the highest common divisor of 1280 and 291910.
10
What is the highest common divisor of 1061601 and 42?
3
Calculate the highest common factor of 658046 and 26.
2
Calculate the highest common divisor of 721 and 255577.
7
What is the greatest common factor of 26165117 and 15323?
2189
What is the highest common factor of 1050 and 56501760?
210
What is the greatest common divisor of 812136 and 114?
114
What is the highest common divisor of 52720552 and 18?
2
What is the highest common factor of 5341 and 105791?
49
What is the highest common divisor of 7614 and 56208804?
282
What is the highest common divisor of 4295 and 57210?
5
What is the highest common factor of 1287 and 10354047?
33
Calculate the highest common factor of 59120472 and 3470.
694
Calculate the greatest common divisor of 1936 and 2464032.
16
Calculate the highest common divisor of 17955 and 210257040.
1995
Calculate the highest common factor of 1014240 and 264.
24
Calculate the greatest common factor of 16 and 92853016.
8
What is the highest common divisor of 5400631 and 185?
37
Calculate the highest common factor of 37498965 and 18780.
4695
What is the greatest common factor of 127675228 and 724?
724
What is the highest common factor of 1300 and 38376?
52
What is the highest common divisor of 871003 and 182?
7
What is the greatest common divisor of 1430920 and 1640?
40
What is the greatest common factor of 299504216 and 616?
88
Calculate the greatest common divisor of 46 and 1539042194.
46
What is the greatest common factor of 54 and 3196278?
18
What is the greatest common factor of 180 and 8810595?
45
What is the greatest common factor of 340269181 and 98?
49
Calculate the highest common divisor of 43560 and 50774504.
968
What is the greatest common divisor of 15 and 752030280?
15
What is the highest common divisor of 10669 and 108733?
227
Calculate the highest common divisor of 11181000 and 9000.
3000
What is the greatest common factor of 92915973 and 1398?
699
What is the highest common divisor of 274 and 7877363?
137
What is the highest common divisor of 33394908 and 36032?
2252
What is the greatest common factor of 2147930 and 3608770?
6190
Calculate the greatest common divisor of 1377 and 9320063.
17
What is the highest common factor of 24836713 and 11?
11
Calculate the greatest common divisor of 185 and 6345.
5
Calculate the highest common divisor of 2953245 and 852.
213
What is the highest common divisor of 14936480 and 4300?
860
What is the greatest common divisor of 11367160 and 8960?
280
Calculate the highest common factor of 66544523 and 601.
601
Calculate the greatest common factor of 1087 and 132098762.
1087
Calculate the greatest common factor of 47165342 and 25340.
2534
What is the greatest common factor of 2049518112 and 192?
96
What is the greatest common divisor of 52 and 418165618?
26
What is the greatest common divisor of 52 and 1432324?
4
Calculate the highest common divisor of 168 and 49145068.
28
What is the greatest common factor of 7043157 and 22?
11
What is the highest common divisor of 840 and 44269960?
280
Calculate the greatest common divisor of 302765 and 5795.
95
Calculate the highest common factor of 623625 and 204549.
4989
What is the greatest common factor of 279110 and 7681966?
4294
What is the greatest common factor of 5136 and 913200?
48
Calculate the highest common factor of 13376 and 170518920.
1672
Calculate the greatest common divisor of 95 and 172938.
19
Calculate the greatest common divisor of 140796108 and 6.
6
Calculate the greatest common divisor of 196937 and 52.
13
What is the greatest common factor of 354554753 and 427?
427
What is the highest common divisor of 1003 and 231802327?
1003
Calculate the highest common divisor of 2961871 and 1995917.
5819
Calculate the greatest common factor of 627783 and 3497.
13
Calculate the highest common divisor of 2556 and 127690092.
2556
Calculate the greatest common divisor of 2196 and 254148.
12
Calculate the highest common factor of 2522 and 187244629.
1261
What is the highest common divisor of 941604 and 168?
12
Calculate the greatest common factor of 2793530 and 1440.
10
Calculate the highest common factor of 3315 and 1735175.
65
What is the highest common factor of 28028080 and 80?
80
Calculate the greatest common divisor of 231 and 6971943.
33
What is the highest common factor of 12344 and 434703218?
3086
Calculate the greatest common divisor of 40141687 and 17547.
5849
Calculate the highest common factor of 80190 and 144670050.
7290
What is the greatest common factor of 171000 and 9868600?
3800
What is the greatest common factor of 120320 and 3460?
20
Calculate the greatest common divisor of 13326957 and 24129.
63
Calculate the highest common divisor of 228632 and 632.
8
Calculate the highest common divisor of 1171887 and 157521.
1731
What is the highest common factor of 8304058 and 22862?
322
What is the greatest common factor of 11710 and 242000?
10
What is the highest common factor of 202 and 440655526?
202
Calculate the highest common divisor of 108711 and 10763.
47
What is the highest common factor of 42600 and 2474625?
75
What is the highest common factor of 135397465 and 699?
233
Calculate the highest common divisor of 60874558 and 9012.
1502
Calculate the greatest common divisor of 67608 and 186849732.
3756
Calculate the highest common factor of 35178 and 5214.
66
Calculate the greatest common factor of 9789543 and 17456.
1091
What is the highest common factor of 128516 an